{"version":"1.0","type":"rich","width":"560px","height":"140px","title":"19 &#171;Fr\u00fcsch ab de L\u00e4bera zieht a Orakelcharta&#187;","url":"https:\/\/fadl.zosso-productions.ch\/2026\/03\/12\/19-fruesch-ab-de-laebera-zieht-a-orakelcharta\/","author_name":"Fr\u00fcsch ab de L\u00e4bera - Chiara Lissenheim & Maik Zosso im Gspr\u00e4ch","author_url":"https:\/\/fadl.zosso-productions.ch","thumbnail_url":"https:\/\/fadl.zosso-productions.ch\/wp-content\/uploads\/Fruesch_Folge19_3000.png","html":"<iframe width=\"560px\" height=\"140px\" src=\"https:\/\/fadl.zosso-productions.ch\/2026\/03\/12\/19-fruesch-ab-de-laebera-zieht-a-orakelcharta\/?standalonePlayer\"><\/iframe>"}

19 &#171;Früsch ab de Läbera zieht a Orakelcharta&#187;

Früsch ab de Läbera - Chiara Lissenheim & Maik Zosso im Gspräch
