{"version":"1.0","type":"rich","width":"560px","height":"140px","title":"11 Werum stahni mir oft s\u00e4uber im W\u00e4g?","url":"https:\/\/fadl.zosso-productions.ch\/2025\/04\/20\/11-werum-stahni-mir-oft-saeuber-im-waeg\/","author_name":"Fr\u00fcsch ab de L\u00e4bera - Chiara Lissenheim & Maik Zosso im Gspr\u00e4ch","author_url":"https:\/\/fadl.zosso-productions.ch","thumbnail_url":"https:\/\/fadl.zosso-productions.ch\/wp-content\/uploads\/feed_new_cover_fadl_PRJ3000_png_rgb.png","html":"<iframe width=\"560px\" height=\"140px\" src=\"https:\/\/fadl.zosso-productions.ch\/2025\/04\/20\/11-werum-stahni-mir-oft-saeuber-im-waeg\/?standalonePlayer\"><\/iframe>"}

11 Werum stahni mir oft säuber im Wäg?

Früsch ab de Läbera - Chiara Lissenheim & Maik Zosso im Gspräch
