{"version":"1.0","type":"rich","width":"560px","height":"140px","title":"02 Wiehnachtszyt - Wir sprechen \u00fcber die Adventszeit, Weihnachten und Werte von Weihnachten","url":"https:\/\/fadl.zosso-productions.ch\/2024\/12\/21\/wiehnachtszyt\/","author_name":"Fr\u00fcsch ab de L\u00e4bera - Chiara Lissenheim & Maik Zosso im Gspr\u00e4ch","author_url":"https:\/\/fadl.zosso-productions.ch","thumbnail_url":"https:\/\/fadl.zosso-productions.ch\/wp-content\/uploads\/feed_new_cover_fadl_PRJ3000_png_rgb.png","html":"<iframe width=\"560px\" height=\"140px\" src=\"https:\/\/fadl.zosso-productions.ch\/2024\/12\/21\/wiehnachtszyt\/?standalonePlayer\"><\/iframe>"}

02 Wiehnachtszyt - Wir sprechen über die Adventszeit, Weihnachten und Werte von Weihnachten

Früsch ab de Läbera - Chiara Lissenheim & Maik Zosso im Gspräch
